{"id":17,"date":"2019-01-22T22:32:37","date_gmt":"2019-01-22T21:32:37","guid":{"rendered":"http:\/\/bksconstruction.be\/?page_id=17"},"modified":"2021-05-07T09:29:17","modified_gmt":"2021-05-07T07:29:17","slug":"gros-oeuvre","status":"publish","type":"page","link":"http:\/\/bksconstruction.be\/index.php\/gros-oeuvre\/","title":{"rendered":"GROS OEUVRE, MA\u00c7ONNERIE &#038; R\u00c9NOVATION \u00c0 HERVE, LI\u00c8GE, SOUMAGNE &#038; VERVIERS"},"content":{"rendered":"\n<p>Vous vous lancez dans la construction de la maison de vos r\u00eaves ?<\/p>\n\n\n\n<p>Faites confiance \u00e0\u00a0<a href=\"http:\/\/bksconstruction.be\/\"><strong>BKS<\/strong>, notre\u00a0<strong>entreprise de construction \u00e0 Herve<\/strong>, <strong>Li\u00e8ge<\/strong><\/a><strong>\u00a0<\/strong>et ses alentours.<\/p>\n\n\n\n<h2 class=\"wp-block-heading\" style=\"color:#F47920; font-size: 27px;\"><strong>R\u00e9alisation des fondations<\/strong><\/h2>\n\n\n\n<p>Chez BKS Construction, nous garantissons un travail impeccable et nous assurons la solidit\u00e9 de votre habitation. Nous prenons en charge tous vos travaux de&nbsp;<strong>gros \u0153uvre<\/strong>&nbsp;:<\/p>\n\n\n\n<ul><li>fondations<\/li><li>assainissement<\/li><li>soubassement<\/li><li>\u00e9l\u00e9vation des murs<\/li><li>plancher<\/li><\/ul>\n\n\n\n<h2 style=\"color:#F47920; font-size: 27px;\"><strong>Sp\u00e9cialistes de la construction \u00e0 Herve, Li\u00e8ge<\/strong><\/h2>\n\n\n\n<p>Forts de notre exp\u00e9rience, nous sommes en mesure de r\u00e9pondre \u00e0 toutes vos envies. Nous travaillons toujours dans le respect des normes afin de vous garantir une habitation solide et saine.<\/p>\n\n\n\n<p>Nous sommes chacun sp\u00e9cialis\u00e9s dans un domaine. Ainsi nous pouvons vous apporter une expertise pouss\u00e9e et vous accompagner tout au long de votre chantier.<\/p>\n\n\n\n<p>Vous souhaitez en savoir plus sur nos services ? Vous d\u00e9sirez prendre rendez-vous pour un devis ? N\u2019h\u00e9sitez pas&nbsp;<a style=\"color:#F47920\" href=\"http:\/\/bksconstruction.be\/#contact\"><strong>\u00e0 contacter<\/strong><\/a>&nbsp;notre entreprise de construction. Les devis sont gratuits.<\/p>\n\n\n\n<p>Bas\u00e9 \u00e0 Herve, nous nous d\u00e9pla\u00e7ons dans toute la r\u00e9gion de Li\u00e8ge.<\/p>\n","protected":false},"excerpt":{"rendered":"<p>Vous vous lancez dans la construction de la maison de vos r\u00eaves ? Faites confiance \u00e0\u00a0BKS, notre\u00a0entreprise de construction \u00e0 Herve, Li\u00e8ge\u00a0et ses alentours. R\u00e9alisation des fondations Chez BKS Construction, nous garantissons un travail impeccable et nous assurons la solidit\u00e9 de votre habitation. Nous prenons en charge tous vos travaux [&hellip;]<\/p>\n","protected":false},"author":1,"featured_media":374,"parent":0,"menu_order":0,"comment_status":"closed","ping_status":"closed","template":"","meta":{"_monsterinsights_skip_tracking":false,"_monsterinsights_sitenote_active":false,"_monsterinsights_sitenote_note":"","_monsterinsights_sitenote_category":0,"ngg_post_thumbnail":0,"footnotes":""},"yoast_head":"<!-- This site is optimized with the Yoast SEO plugin v16.9 - https:\/\/yoast.com\/wordpress\/plugins\/seo\/ -->\n<title>Ma\u00e7onnerie &amp; Gros Oeuvre \u00e0 Herve, Li\u00e8ge | BKS Construction<\/title>\n<meta name=\"description\" content=\"Faites confiance \u00e0 BKS Construction, Herve, pour vos travaux de ma\u00e7onneries, gros oeuvres &amp; r\u00e9novations en province de Li\u00e8ge. Appelez-nous !\" \/>\n<meta name=\"robots\" content=\"index, follow, max-snippet:-1, max-image-preview:large, max-video-preview:-1\" \/>\n<link rel=\"canonical\" href=\"http:\/\/bksconstruction.be\/index.php\/gros-oeuvre\/\" \/>\n<meta property=\"og:locale\" content=\"en_US\" \/>\n<meta property=\"og:type\" content=\"article\" \/>\n<meta property=\"og:title\" content=\"Ma\u00e7onnerie &amp; Gros Oeuvre \u00e0 Herve, Li\u00e8ge | BKS Construction\" \/>\n<meta property=\"og:description\" content=\"Faites confiance \u00e0 BKS Construction, Herve, pour vos travaux de ma\u00e7onneries, gros oeuvres &amp; r\u00e9novations en province de Li\u00e8ge. Appelez-nous !\" \/>\n<meta property=\"og:url\" content=\"http:\/\/bksconstruction.be\/index.php\/gros-oeuvre\/\" \/>\n<meta property=\"article:modified_time\" content=\"2021-05-07T07:29:17+00:00\" \/>\n<meta property=\"og:image\" content=\"http:\/\/bksconstruction.be\/wp-content\/uploads\/2019\/02\/BKSconstruction-Mme-Serlez-Herve-13.jpg\" \/>\n\t<meta property=\"og:image:width\" content=\"825\" \/>\n\t<meta property=\"og:image:height\" content=\"1100\" \/>\n<meta name=\"twitter:card\" content=\"summary_large_image\" \/>\n<meta name=\"twitter:label1\" content=\"Est. reading time\" \/>\n\t<meta name=\"twitter:data1\" content=\"1 minute\" \/>\n<script type=\"application\/ld+json\" class=\"yoast-schema-graph\">{\"@context\":\"https:\/\/schema.org\",\"@graph\":[{\"@type\":\"WebSite\",\"@id\":\"https:\/\/bksconstruction.be\/#website\",\"url\":\"https:\/\/bksconstruction.be\/\",\"name\":\"\",\"description\":\"BKS entreprise de construction \\u00e0 Li\\u00e8ge, logo\",\"potentialAction\":[{\"@type\":\"SearchAction\",\"target\":{\"@type\":\"EntryPoint\",\"urlTemplate\":\"https:\/\/bksconstruction.be\/?s={search_term_string}\"},\"query-input\":\"required name=search_term_string\"}],\"inLanguage\":\"en-US\"},{\"@type\":\"ImageObject\",\"@id\":\"http:\/\/bksconstruction.be\/index.php\/gros-oeuvre\/#primaryimage\",\"inLanguage\":\"en-US\",\"url\":\"http:\/\/bksconstruction.be\/wp-content\/uploads\/2019\/02\/BKSconstruction-Mme-Serlez-Herve-13.jpg\",\"contentUrl\":\"http:\/\/bksconstruction.be\/wp-content\/uploads\/2019\/02\/BKSconstruction-Mme-Serlez-Herve-13.jpg\",\"width\":825,\"height\":1100,\"caption\":\"Gros oeuvre Li\\u00e8ge\"},{\"@type\":\"WebPage\",\"@id\":\"http:\/\/bksconstruction.be\/index.php\/gros-oeuvre\/#webpage\",\"url\":\"http:\/\/bksconstruction.be\/index.php\/gros-oeuvre\/\",\"name\":\"Ma\\u00e7onnerie & Gros Oeuvre \\u00e0 Herve, Li\\u00e8ge | BKS Construction\",\"isPartOf\":{\"@id\":\"https:\/\/bksconstruction.be\/#website\"},\"primaryImageOfPage\":{\"@id\":\"http:\/\/bksconstruction.be\/index.php\/gros-oeuvre\/#primaryimage\"},\"datePublished\":\"2019-01-22T21:32:37+00:00\",\"dateModified\":\"2021-05-07T07:29:17+00:00\",\"description\":\"Faites confiance \\u00e0 BKS Construction, Herve, pour vos travaux de ma\\u00e7onneries, gros oeuvres & r\\u00e9novations en province de Li\\u00e8ge. Appelez-nous !\",\"breadcrumb\":{\"@id\":\"http:\/\/bksconstruction.be\/index.php\/gros-oeuvre\/#breadcrumb\"},\"inLanguage\":\"en-US\",\"potentialAction\":[{\"@type\":\"ReadAction\",\"target\":[\"http:\/\/bksconstruction.be\/index.php\/gros-oeuvre\/\"]}]},{\"@type\":\"BreadcrumbList\",\"@id\":\"http:\/\/bksconstruction.be\/index.php\/gros-oeuvre\/#breadcrumb\",\"itemListElement\":[{\"@type\":\"ListItem\",\"position\":1,\"name\":\"Accueil\",\"item\":\"https:\/\/bksconstruction.be\/\"},{\"@type\":\"ListItem\",\"position\":2,\"name\":\"GROS OEUVRE, MA\\u00c7ONNERIE &#038; R\\u00c9NOVATION \\u00c0 HERVE, LI\\u00c8GE, SOUMAGNE &#038; VERVIERS\"}]}]}<\/script>\n<!-- \/ Yoast SEO plugin. -->","yoast_head_json":{"title":"Ma\u00e7onnerie & Gros Oeuvre \u00e0 Herve, Li\u00e8ge | BKS Construction","description":"Faites confiance \u00e0 BKS Construction, Herve, pour vos travaux de ma\u00e7onneries, gros oeuvres & r\u00e9novations en province de Li\u00e8ge. Appelez-nous !","robots":{"index":"index","follow":"follow","max-snippet":"max-snippet:-1","max-image-preview":"max-image-preview:large","max-video-preview":"max-video-preview:-1"},"canonical":"http:\/\/bksconstruction.be\/index.php\/gros-oeuvre\/","og_locale":"en_US","og_type":"article","og_title":"Ma\u00e7onnerie & Gros Oeuvre \u00e0 Herve, Li\u00e8ge | BKS Construction","og_description":"Faites confiance \u00e0 BKS Construction, Herve, pour vos travaux de ma\u00e7onneries, gros oeuvres & r\u00e9novations en province de Li\u00e8ge. Appelez-nous !","og_url":"http:\/\/bksconstruction.be\/index.php\/gros-oeuvre\/","article_modified_time":"2021-05-07T07:29:17+00:00","og_image":[{"width":825,"height":1100,"url":"http:\/\/bksconstruction.be\/wp-content\/uploads\/2019\/02\/BKSconstruction-Mme-Serlez-Herve-13.jpg","path":"\/home\/bksconstxo\/www\/wp-content\/uploads\/2019\/02\/BKSconstruction-Mme-Serlez-Herve-13.jpg","size":"full","id":374,"alt":"Gros oeuvre Li\u00e8ge","pixels":907500,"type":"image\/jpeg"}],"twitter_card":"summary_large_image","twitter_misc":{"Est. reading time":"1 minute"},"schema":{"@context":"https:\/\/schema.org","@graph":[{"@type":"WebSite","@id":"https:\/\/bksconstruction.be\/#website","url":"https:\/\/bksconstruction.be\/","name":"","description":"BKS entreprise de construction \u00e0 Li\u00e8ge, logo","potentialAction":[{"@type":"SearchAction","target":{"@type":"EntryPoint","urlTemplate":"https:\/\/bksconstruction.be\/?s={search_term_string}"},"query-input":"required name=search_term_string"}],"inLanguage":"en-US"},{"@type":"ImageObject","@id":"http:\/\/bksconstruction.be\/index.php\/gros-oeuvre\/#primaryimage","inLanguage":"en-US","url":"http:\/\/bksconstruction.be\/wp-content\/uploads\/2019\/02\/BKSconstruction-Mme-Serlez-Herve-13.jpg","contentUrl":"http:\/\/bksconstruction.be\/wp-content\/uploads\/2019\/02\/BKSconstruction-Mme-Serlez-Herve-13.jpg","width":825,"height":1100,"caption":"Gros oeuvre Li\u00e8ge"},{"@type":"WebPage","@id":"http:\/\/bksconstruction.be\/index.php\/gros-oeuvre\/#webpage","url":"http:\/\/bksconstruction.be\/index.php\/gros-oeuvre\/","name":"Ma\u00e7onnerie & Gros Oeuvre \u00e0 Herve, Li\u00e8ge | BKS Construction","isPartOf":{"@id":"https:\/\/bksconstruction.be\/#website"},"primaryImageOfPage":{"@id":"http:\/\/bksconstruction.be\/index.php\/gros-oeuvre\/#primaryimage"},"datePublished":"2019-01-22T21:32:37+00:00","dateModified":"2021-05-07T07:29:17+00:00","description":"Faites confiance \u00e0 BKS Construction, Herve, pour vos travaux de ma\u00e7onneries, gros oeuvres & r\u00e9novations en province de Li\u00e8ge. Appelez-nous !","breadcrumb":{"@id":"http:\/\/bksconstruction.be\/index.php\/gros-oeuvre\/#breadcrumb"},"inLanguage":"en-US","potentialAction":[{"@type":"ReadAction","target":["http:\/\/bksconstruction.be\/index.php\/gros-oeuvre\/"]}]},{"@type":"BreadcrumbList","@id":"http:\/\/bksconstruction.be\/index.php\/gros-oeuvre\/#breadcrumb","itemListElement":[{"@type":"ListItem","position":1,"name":"Accueil","item":"https:\/\/bksconstruction.be\/"},{"@type":"ListItem","position":2,"name":"GROS OEUVRE, MA\u00c7ONNERIE &#038; R\u00c9NOVATION \u00c0 HERVE, LI\u00c8GE, SOUMAGNE &#038; VERVIERS"}]}]}},"_links":{"self":[{"href":"http:\/\/bksconstruction.be\/index.php\/wp-json\/wp\/v2\/pages\/17"}],"collection":[{"href":"http:\/\/bksconstruction.be\/index.php\/wp-json\/wp\/v2\/pages"}],"about":[{"href":"http:\/\/bksconstruction.be\/index.php\/wp-json\/wp\/v2\/types\/page"}],"author":[{"embeddable":true,"href":"http:\/\/bksconstruction.be\/index.php\/wp-json\/wp\/v2\/users\/1"}],"replies":[{"embeddable":true,"href":"http:\/\/bksconstruction.be\/index.php\/wp-json\/wp\/v2\/comments?post=17"}],"version-history":[{"count":20,"href":"http:\/\/bksconstruction.be\/index.php\/wp-json\/wp\/v2\/pages\/17\/revisions"}],"predecessor-version":[{"id":697,"href":"http:\/\/bksconstruction.be\/index.php\/wp-json\/wp\/v2\/pages\/17\/revisions\/697"}],"wp:featuredmedia":[{"embeddable":true,"href":"http:\/\/bksconstruction.be\/index.php\/wp-json\/wp\/v2\/media\/374"}],"wp:attachment":[{"href":"http:\/\/bksconstruction.be\/index.php\/wp-json\/wp\/v2\/media?parent=17"}],"curies":[{"name":"wp","href":"https:\/\/api.w.org\/{rel}","templated":true}]}}